95?
4
What is the tens digit of 91131?
3
What is the tens digit of 1594812?
1
What is the hundred thousands digit of 6970109?
9
What is the units digit of 305217?
7
What is the units digit of 3372577?
7
What is the millions digit of 1549081?
1
What is the ten thousands digit of 245266?
4
What is the units digit of 221192?
2
What is the hundred thousands digit of 1795466?
7
What is the hundreds digit of 3792447?
4
What is the ten thousands digit of 1809323?
0
What is the tens digit of 12052909?
0
What is the hundred thousands digit of 886272?
8
What is the thousands digit of 10297605?
7
What is the tens digit of 984933?
3
What is the tens digit of 327847?
4
What is the hundred thousands digit of 3223615?
2
What is the millions digit of 5761128?
5
What is the ten thousands digit of 1168680?
6
What is the thousands digit of 10507546?
7
What is the hundred thousands digit of 2904189?
9
What is the millions digit of 4211076?
4
What is the units digit of 384741?
1
What is the tens digit of 7280917?
1
What is the ten thousands digit of 3369658?
6
What is the hundreds digit of 379988?
9
What is the units digit of 1271316?
6
What is the units digit of 434274?
4
What is the tens digit of 2372057?
5
What is the tens digit of 7345288?
8
What is the hundreds digit of 62988?
9
What is the hundreds digit of 19119?
1
What is the hundred thousands digit of 2700640?
7
What is the millions digit of 2922335?
2
What is the units digit of 20595489?
9
What is the ten thousands digit of 2553575?
5
What is the hundreds digit of 264164?
1
What is the hundred thousands digit of 1323033?
3
What is the thousands digit of 367906?
7
What is the hundred thousands digit of 5231882?
2
What is the ten thousands digit of 2980654?
8
What is the thousands digit of 50613?
0
What is the ten thousands digit of 12488878?
8
What is the thousands digit of 29999540?
9
What is the hundred thousands digit of 19773836?
7
What is the units digit of 14482387?
7
What is the ten thousands digit of 152809?
5
What is the hundreds digit of 1723513?
5
What is the hundred thousands digit of 9200497?
2
What is the millions digit of 20486857?
0
What is the tens digit of 1047804?
0
What is the hundreds digit of 710466?
4
What is the hundreds digit of 553393?
3
What is the tens digit of 1166638?
3
What is the ten thousands digit of 5971498?
7
What is the tens digit of 225499?
9
What is the units digit of 31868438?
8
What is the tens digit of 53312?
1
What is the millions digit of 5121233?
5
What is the millions digit of 5345088?
5
What is the thousands digit of 132409?
2
What is the thousands digit of 2534936?
4
What is the thousands digit of 9503927?
3
What is the hundred thousands digit of 6236395?
2
What is the millions digit of 2749106?
2
What is the hundreds digit of 6141117?
1
What is the hundreds digit of 948102?
1
What is the hundreds digit of 202326?
3
What is the units digit of 876454?
4
What is the hundreds digit of 15016821?
8
What is the thousands digit of 111154?
1
What is the thousands digit of 4156389?
6
What is the ten thousands digit of 21486920?
8
What is the ten thousands digit of 719376?
1
What is the tens digit of 3323980?
8
What is the tens digit of 933109?
0
What is the ten thousands digit of 4879166?
7
What is the ten thousands digit of 1172195?
7
What is the thousands digit of 679413?
9
What is the hundred thousands digit of 1161939?
1
What is the thousands digit of 1701453?
1
What is the hundred thousands digit of 149152?
1
What is the hundred thousands digit of 7954311?
9
What is the hundred thousands digit of 365731?
3
What is the hundred thousands digit of 666241?
6
What is the millions digit of 8777752?
8
What is the hundred thousands digit of 2869428?
8
What is the millions digit of 9307986?
9
What is the hundred thousands digit of 240699?
2
What is the ten thousands digit of 5630771?
3
What is the ten thousands digit of 2579298?
7
What is the tens digit of 34401908?
0
What is the ten thousands digit of 110497?
1
What is the hundred thousands digit of 11055671?
0
What is the hundred thousands digit of 230838?
2
What is the tens digit of 11812218?
1
What is the ten thousands digit of 1196631?
9
What is the units digit of 493225?
5
What is the tens digit of 941909?
0
What is the units digit of 5286341?
1
What is the tens digit of 2816486?
8
What is the units digit of 317252?
2
What is the thousands digit of 5686423?
6
What is the ten thousands digit of 2152594?
5
What is the units digit of 10503995?
5
What is the units digit of 26160420?
0
What is the hundreds digit of 411711?
7
What is the ten thousands digit of 304157?
0
What is the ten thousands digit of 272108?
7
What is the millions digit of 3754145?
3
What is the tens digit of 834168?
6
What is the ten millions digit of 16900494?
1
What is the ten thousands digit of 1673468?
7
What is the units digit of 323023?
3
What is the tens digit of 2503183?
8
What is the hundreds digit of 516386?
3
What is the units digit of 144899?
9
What is the tens digit of 15813?
1
What is the tens digit of 650663?
6
What is the thousands digit of 108054?
8
What is the ten thousands digit of 723684?
2
What is the thousands digit of 87343?
7
What is the units digit of 75332?
2
What is the thousands digit of 10600370?
0
What is the ten thousands digit of 465674?
6
What is the millions digit of 34505097?
4
What is the hundreds digit of 262676?
6
What is the ten thousands digit of 250530?
5
What is the hundred thousands digit of 241086?
2
What is the units digit of 781328?
8
What is the units digit of 2486502?
2
What is the ten thousands digit of 127772?
2
What is the tens digit of 600199?
9
What is the millions digit of 38194403?
8
What is the thousands digit of 142903?
2
What is the ten thousands digit of 3320538?
2
What is the ten thousands digit of 94471?
9
What is the thousands digit of 684244?
4
What is the millions digit of 26017966?
6
What is the ten millions digit of 16662898?
1
What is the hundred thousands digit of 169599?
1
What is the units digit of 363244?
4
What is the units digit of 287519?
9
What is the units digit of 5731060?
0
What is the thousands digit of 194290?
4
What is the tens digit of 3788481?
8
What is the millions digit of 1931932?
1
What is the tens digit of 2078676?
7
What is the hundred thousands digit of 22324577?
3
What is the hundred thousands digit of 938182?
9
What is the tens digit of 12406616?
1
What is the thousands digit of 3225007?
5
What is the units digit of 223938?
8
What is the hundreds digit of 218764?
7
What is the thousands digit of 367350?
7
What is the hundreds digit of 142764?
7
What is the ten thousands digit of 430691?
3
What is the hundred thousands digit of 35938060?
9
What is the ten thousands digit of 4870085?
7
What is the millions digit of 21929986?
1
What is the millions digit of 8665900?
8
What is the ten thousands digit of 1168277?
6
What is the thousands digit of 560531?
0
What is the thousands digit of 11433114?
3
What is the millions digit of 2886229?
2
What is the tens digit of 561836?
3
What is the hundreds digit of 188693?
6
What is the tens digit of 1567278?
7
What is the hundreds digit of 52680?
6
What is the hundreds digit of 625018?
0
What is the tens digit of 132300?
0
What is the ten thousands digit of 50481?
5
What is the thousands digit of 172645?
2
What is the hundreds digit of 2672798?
7
What is the tens digit of 289373?
7
What is the millions digit of 1725923?
1
What is the ten thousands digit of 316838?
1
What is the millions digit of 1963139?
1
What is the ten thousands digit of 793562?
9
What is the units digit of 209171?
1
What is the ten thousands digit of 87309?
8
What is the hundreds digit of 1333703?
7
What is the millions digit of 1115290?
1
What is the ten thousands digit of 1076733?
7
What is the ten thousands digit of 6147950?
4
What is the millions digit of 3012476?
3
What is the hundred thousands digit of 7230257?
2
What is the millions digit of 3701996?
3
What is the hundreds digit of 10447573?
5
What is the hundreds digit of 242858?
8
What is the hundreds digit of 406834?
8
What is the hundred thousands digit of 186521?
1
What is the tens digit of 311?
1
What is the millions digit of 13251213?
3
What is the ten thousands digit of 93146?
9
What i